{"id":296,"date":"2021-04-30T11:48:01","date_gmt":"2021-04-30T11:48:01","guid":{"rendered":"https:\/\/mutualeuro.com.ar\/website\/?page_id=296"},"modified":"2024-12-27T21:53:56","modified_gmt":"2024-12-27T21:53:56","slug":"servicios-sociales","status":"publish","type":"page","link":"https:\/\/mutualeuro.com.ar\/website\/servicios-sociales\/","title":{"rendered":"Servicios Sociales"},"content":{"rendered":"<p>[et_pb_section fb_built=\u00bb1&#8243; _builder_version=\u00bb4.16&#8243; _module_preset=\u00bbdefault\u00bb custom_margin=\u00bb0px|0px|0px|0px|false|false\u00bb custom_padding=\u00bb0px|0px|0px|0px|false|false\u00bb global_colors_info=\u00bb{}\u00bb][et_pb_row _builder_version=\u00bb4.16&#8243; _module_preset=\u00bbdefault\u00bb width=\u00bb100%\u00bb custom_margin=\u00bb0px|0px|0px|0px|false|false\u00bb custom_padding=\u00bb0px||0px|0px|false|false\u00bb global_colors_info=\u00bb{}\u00bb][et_pb_column type=\u00bb4_4&#8243; _builder_version=\u00bb4.16&#8243; _module_preset=\u00bbdefault\u00bb global_colors_info=\u00bb{}\u00bb][et_pb_image src=\u00bbhttps:\/\/mutualeuro.com.ar\/website\/wp-content\/uploads\/2024\/10\/3.-Imigen-para-Slide-de-Home-PLan-Plus.png\u00bb force_fullwidth=\u00bbon\u00bb _builder_version=\u00bb4.27.4&#8243; _module_preset=\u00bbdefault\u00bb min_height_tablet=\u00bb153px\u00bb min_height_phone=\u00bb100px\u00bb min_height_last_edited=\u00bbon|phone\u00bb height_tablet=\u00bb\u00bb height_phone=\u00bb\u00bb height_last_edited=\u00bbon|tablet\u00bb global_colors_info=\u00bb{}\u00bb][\/et_pb_image][\/et_pb_column][\/et_pb_row][et_pb_row disabled_on=\u00bbon|on|on\u00bb _builder_version=\u00bb4.27.4&#8243; _module_preset=\u00bbdefault\u00bb global_colors_info=\u00bb{}\u00bb disabled=\u00bbon\u00bb][et_pb_column type=\u00bb4_4&#8243; _builder_version=\u00bb4.16&#8243; _module_preset=\u00bbdefault\u00bb global_colors_info=\u00bb{}\u00bb][et_pb_tabs active_tab_background_color=\u00bb#FFFFFF\u00bb inactive_tab_background_color=\u00bb#FFFFFF\u00bb active_tab_text_color=\u00bb#d9ae46&#8243; disabled_on=\u00bbon|on|off\u00bb _builder_version=\u00bb4.27.4&#8243; _module_preset=\u00bbdefault\u00bb body_font=\u00bbRoboto||||||||\u00bb body_font_size=\u00bb15px\u00bb body_line_height=\u00bb1.9em\u00bb tab_font=\u00bbRoboto|||on|||||\u00bb tab_font_size=\u00bb16px\u00bb background_enable_image=\u00bboff\u00bb width=\u00bb93%\u00bb custom_margin=\u00bb||22px||false|false\u00bb custom_padding=\u00bb||0px||false|false\u00bb hover_enabled=\u00bb0&#8243; custom_css_main_element=\u00bbdisplay:flex;||flex-direction:row;\u00bb custom_css_tabs_controls=\u00bbborder-right: 3px solid;||width:25%;||background-color:#ffffff;\u00bb custom_css_tab=\u00bbwidth:100%;\u00bb custom_css_tabs_content=\u00bbmargin-top:-30px;\u00bb border_width_all=\u00bb0px\u00bb border_color_all=\u00bbRGBA(0,0,0,0)\u00bb border_color_right=\u00bbRGBA(0,0,0,0)\u00bb global_colors_info=\u00bb{}\u00bb sticky_enabled=\u00bb0&#8243;][et_pb_tab title=\u00bbPlan Proteger Plus\u00bb content_tablet=\u00bb<\/p>\n<p>El <strong>PLAN PROTEGER PLUS<\/strong> ofrece una cobertura m\u00e9dica con beneficios adicionales que complementan la cobertura base para afiliados. Este plan tiene dos modalidades principales: <strong>PLAN INDIVIDUAL<\/strong> (para un titular) y <strong>PLAN FAMILIAR<\/strong>, que incluye un titular m\u00e1s un integrante (esposa o hijo), sin tope en la cantidad de integrantes adicionales.<\/p>\n<p><a href=%22https:\/\/mutualeuro.com.ar\/website\/plan-plus\/%22><strong>Caracter\u00edsticas principales:<\/strong><\/a><\/p>\n<\/p>\n<p>\u00bb content_phone=\u00bb<\/p>\n<p>El <strong>PLAN PROTEGER PLUS<\/strong> ofrece una cobertura m\u00e9dica con beneficios adicionales que complementan la cobertura base para afiliados. Este plan tiene dos modalidades principales: <strong>PLAN INDIVIDUAL<\/strong> (para un titular) y <strong>PLAN FAMILIAR<\/strong>, que incluye un titular m\u00e1s un integrante (esposa o hijo), sin tope en la cantidad de integrantes adicionales.<\/p>\n<p><a href=%22https:\/\/mutualeuro.com.ar\/website\/plan-plus\/%22><strong>Caracter\u00edsticas principales:<\/strong><\/a><\/p>\n<\/p>\n<p>\u00bb content_last_edited=\u00bbon|desktop\u00bb _builder_version=\u00bb4.27.4&#8243; _module_preset=\u00bbdefault\u00bb body_font=\u00bb||||||||\u00bb body_text_align=\u00bbleft\u00bb body_text_color=\u00bb#000000&#8243; body_font_size=\u00bb16px\u00bb body_line_height=\u00bb3em\u00bb tab_font=\u00bbRoboto|700||on|||||\u00bb tab_text_color=\u00bb#1857a6&#8243; tab_font_size=\u00bb16px\u00bb tab_line_height=\u00bb3em\u00bb background_enable_image=\u00bboff\u00bb custom_padding=\u00bb|||0px|false|false\u00bb hover_enabled=\u00bb0&#8243; global_colors_info=\u00bb{}\u00bb sticky_enabled=\u00bb0&#8243;]<\/p>\n<p>El\u00a0<strong>PLAN PROTEGER PLUS<\/strong>\u00a0ofrece una cobertura m\u00e9dica con beneficios adicionales que complementan la cobertura base para afiliados. Este plan tiene dos modalidades principales:\u00a0<strong>PLAN INDIVIDUAL<\/strong>\u00a0(para un titular) y\u00a0<strong>PLAN FAMILIAR<\/strong>, que incluye un titular m\u00e1s un integrante (esposa o hijo), sin tope en la cantidad de integrantes adicionales.<\/p>\n<p><a href=\"https:\/\/mutualeuro.com.ar\/website\/plan-plus\/\"><strong>Caracter\u00edsticas principales:<\/strong><\/a><\/p>\n<p>&nbsp;<\/p>\n<p>[\/et_pb_tab][et_pb_tab title=\u00bbPlan Proteger 200&#8243; _builder_version=\u00bb4.27.4&#8243; _module_preset=\u00bbdefault\u00bb body_font=\u00bb||||||||\u00bb body_text_color=\u00bb#000000&#8243; body_line_height=\u00bb1.9em\u00bb tab_font=\u00bbRoboto|700||on|||||\u00bb tab_text_color=\u00bb#60ad3d\u00bb tab_line_height=\u00bb3em\u00bb hover_enabled=\u00bb0&#8243; global_colors_info=\u00bb{}\u00bb sticky_enabled=\u00bb0&#8243; tab_letter_spacing=\u00bb0px\u00bb]<\/p>\n<p>Sepelio incluye cremaci\u00f3n.<br \/>Nicho o parcela.<br \/>Consultorios. 2 consultas al a\u00f1o sin cargo.<br \/>Farmacia. Descuentos del 25% al 33%.<br \/>Odontolog\u00eda. Odontograma sin cargo. 25% desc. (sobre aranceles del C\u00edrculo Odontol\u00f3gico).<br \/>Diagn\u00f3stico por im\u00e1genes. Baja, mediana y alta complejidad. Aranceles diferenciales.<br \/>Laboratorio. Descuento en todas las determinaciones.<br \/>Subsidio quir\u00fargico en cirug\u00edas de Alta Complejidad y Trasplantes.<br \/>Llamando al Doctor. Sistema de consulta m\u00e9dica por video llamada.<br \/>\u00d3ptica. 1 par de lentes por a\u00f1o por persona sin cargo (cristales<br \/>comunes y marcos).<br \/>Turismo. Financiaci\u00f3n.<br \/>Universal Assistance. Territorio nacional y pa\u00edses lim\u00edtrofes.<br \/>Seguro del hogar.<\/p>\n<p>[\/et_pb_tab][et_pb_tab title=\u00bbPlan Proteger 100&#8243; _builder_version=\u00bb4.27.4&#8243; _module_preset=\u00bbdefault\u00bb body_font=\u00bb||||||||\u00bb body_text_color=\u00bb#000000&#8243; body_line_height=\u00bb1.9em\u00bb tab_font=\u00bbRoboto|700||on|||||\u00bb tab_text_color=\u00bb#3d3d3d\u00bb tab_line_height=\u00bb3em\u00bb hover_enabled=\u00bb0&#8243; global_colors_info=\u00bb{}\u00bb sticky_enabled=\u00bb0&#8243;]<\/p>\n<p>Sepelio incluye cremaci\u00f3n o parcela.<br \/>Consultorios. 2 consultas sin cargo en el a\u00f1o.<br \/>Farmacia. Descuentos del 25% al 33%.<br \/>Odontolog\u00eda. Odontograma sin cargo. 25% desc.(sobre aranceles del C\u00edrculo Odontol\u00f3gico).<br \/>Diagn\u00f3stico por im\u00e1genes (baja, mediana y alta complejidad). Aranceles diferenciales.<br \/>Laboratorio, descuentos en todas las determinaciones.<br \/>Subsidio quir\u00fargico en cirug\u00edas de Alta Complejidad y Trasplantes.<br \/>Llamando al Doctor. Sistema de consulta m\u00e9dica por video llamada.<br \/>\u00d3ptica. 1 par de lentes por a\u00f1o por persona sin cargo (cristales<br \/>comunes y marcos).<br \/>Turismo. Financiaci\u00f3n.<br \/>Universal Assistance &#8211; territorio nacional y pa\u00edses lim\u00edtrofes.<br \/>Seguro del hogar.<\/p>\n<p>[\/et_pb_tab][et_pb_tab title=\u00bbPlan Proteger 50&#8243; _builder_version=\u00bb4.16&#8243; _module_preset=\u00bbdefault\u00bb body_font=\u00bb||||||||\u00bb body_text_color=\u00bb#000000&#8243; body_line_height=\u00bb1.9em\u00bb tab_font=\u00bbRoboto|700||on|||||\u00bb tab_text_color=\u00bb#1857a6&#8243; tab_line_height=\u00bb3em\u00bb global_colors_info=\u00bb{}\u00bb]<\/p>\n<p>Sepelio incluye cremaci\u00f3n.<br \/>Subsidio quir\u00fargico en cirug\u00edas de Alta Complejidad y Trasplantes.<br \/>Universal Assistance. Territorio nacional y pa\u00edses lim\u00edtrofes.<br \/>Llamando al Doctor. Sistema de consulta m\u00e9dica por video llamada.<\/p>\n<p>[\/et_pb_tab][\/et_pb_tabs][\/et_pb_column][\/et_pb_row][et_pb_row disabled_on=\u00bbon|on|off\u00bb _builder_version=\u00bb4.27.4&#8243; _module_preset=\u00bbdefault\u00bb hover_enabled=\u00bb0&#8243; global_colors_info=\u00bb{}\u00bb sticky_enabled=\u00bb0&#8243; max_height=\u00bb374px\u00bb][et_pb_column type=\u00bb4_4&#8243; _builder_version=\u00bb4.27.4&#8243; _module_preset=\u00bbdefault\u00bb hover_enabled=\u00bb0&#8243; global_colors_info=\u00bb{}\u00bb sticky_enabled=\u00bb0&#8243;][et_pb_tabs disabled_on=\u00bbon|on|off\u00bb _builder_version=\u00bb4.27.4&#8243; _module_preset=\u00bbdefault\u00bb body_font=\u00bbRoboto||||||||\u00bb body_line_height=\u00bb1em\u00bb tab_line_height=\u00bb1.9em\u00bb width=\u00bb90%\u00bb width_tablet=\u00bb\u00bb width_phone=\u00bb\u00bb width_last_edited=\u00bbon|phone\u00bb module_alignment=\u00bbcenter\u00bb custom_margin=\u00bb||||false|true\u00bb custom_padding_tablet=\u00bb\u00bb custom_padding_phone=\u00bb|0px||0px|false|true\u00bb custom_padding_last_edited=\u00bbon|phone\u00bb hover_enabled=\u00bb0&#8243; global_colors_info=\u00bb{}\u00bb custom_css_tabs_controls=\u00bbborder-right: 3px solid;||width:85%;||background-color:#ffffff;\u00bb sticky_enabled=\u00bb0&#8243; custom_css_main_element=\u00bbdisplay:flex;||flex-direction:row;\u00bb custom_css_tab=\u00bbwidth:100%;\u00bb custom_css_tabs_content=\u00bbmargin-top:-20px;\u00bb border_width_all=\u00bb0px\u00bb max_height=\u00bb454px\u00bb][et_pb_tab title=\u00bbPlan Proteger Plus\u00bb _builder_version=\u00bb4.27.4&#8243; _module_preset=\u00bbdefault\u00bb body_line_height=\u00bb1em\u00bb tab_font=\u00bbRoboto|700||on|||||\u00bb tab_text_color=\u00bb#E06100&#8243; tab_line_height=\u00bb3em\u00bb global_colors_info=\u00bb{}\u00bb]<\/p>\n<p>El\u00a0<strong>PLAN PROTEGER PLUS<\/strong>\u00a0ofrece una cobertura m\u00e9dica con beneficios adicionales que complementan la cobertura base para afiliados. Este plan tiene dos modalidades principales:\u00a0<strong>PLAN INDIVIDUAL<\/strong>\u00a0(para un titular) y\u00a0<strong>PLAN FAMILIAR<\/strong>, que incluye un titular m\u00e1s un integrante (esposa o hijo), sin tope en la cantidad de integrantes adicionales.<\/p>\n<p><a href=\"https:\/\/mutualeuro.com.ar\/website\/plan-plus\/\"><strong>Caracter\u00edsticas principales:<\/strong><\/a><\/p>\n<p>[\/et_pb_tab][et_pb_tab title=\u00bbPlan Proteger 100&#8243; _builder_version=\u00bb4.27.4&#8243; _module_preset=\u00bbdefault\u00bb tab_font=\u00bbRoboto|700||on|||||\u00bb tab_text_color=\u00bb#3d3d3d\u00bb tab_line_height=\u00bb3em\u00bb hover_enabled=\u00bb0&#8243; global_colors_info=\u00bb{}\u00bb sticky_enabled=\u00bb0&#8243;]<\/p>\n<p>Sepelio incluye cremaci\u00f3n o parcela.<br \/>Consultorios. 2 consultas sin cargo en el a\u00f1o.<br \/>Farmacia. Descuentos del 25% al 33%.<br \/>Odontolog\u00eda. Odontograma sin cargo. 25% desc.(sobre aranceles del C\u00edrculo Odontol\u00f3gico).<br \/>Diagn\u00f3stico por im\u00e1genes (baja, mediana y alta complejidad). Aranceles diferenciales.<br \/>Laboratorio, descuentos en todas las determinaciones.<br \/>Subsidio quir\u00fargico en cirug\u00edas de Alta Complejidad y Trasplantes.<br \/>Llamando al Doctor. Sistema de consulta m\u00e9dica por video llamada.<br \/>\u00d3ptica. 1 par de lentes por a\u00f1o por persona sin cargo (cristales<br \/>comunes y marcos).<br \/>Turismo. Financiaci\u00f3n.<br \/>Universal Assistance &#8211; territorio nacional y pa\u00edses lim\u00edtrofes.<br \/>Seguro del hogar.<\/p>\n<p>[\/et_pb_tab][et_pb_tab title=\u00bbPlan Proteger 200&#8243; _builder_version=\u00bb4.16&#8243; _module_preset=\u00bbdefault\u00bb tab_font=\u00bbRoboto|700||on|||||\u00bb tab_text_color=\u00bb#60ad3d\u00bb tab_line_height=\u00bb3em\u00bb hover_enabled=\u00bb0&#8243; global_colors_info=\u00bb{}\u00bb sticky_enabled=\u00bb0&#8243;]<\/p>\n<p>Sepelio incluye cremaci\u00f3n.<br \/>Nicho o parcela.<br \/>Consultorios. 2 consultas al a\u00f1o sin cargo.<br \/>Farmacia. Descuentos del 25% al 33%.<br \/>Odontolog\u00eda. Odontograma sin cargo. 25% desc. (sobre aranceles del C\u00edrculo Odontol\u00f3gico).<br \/>Diagn\u00f3stico por im\u00e1genes. Baja, mediana y alta complejidad. Aranceles diferenciales.<br \/>Laboratorio. Descuento en todas las determinaciones.<br \/>Subsidio quir\u00fargico en cirug\u00edas de Alta Complejidad y Trasplantes.<br \/>Llamando al Doctor. Sistema de consulta m\u00e9dica por video llamada.<br \/>\u00d3ptica. 1 par de lentes por a\u00f1o por persona sin cargo (cristales<br \/>comunes y marcos).<br \/>Turismo. Financiaci\u00f3n.<br \/>Universal Assistance. Territorio nacional y pa\u00edses lim\u00edtrofes.<br \/>Seguro del hogar.<\/p>\n<p>[\/et_pb_tab][et_pb_tab title=\u00bbPlan Proteger 50&#8243; _builder_version=\u00bb4.16&#8243; _module_preset=\u00bbdefault\u00bb tab_font=\u00bbRoboto|700||on|||||\u00bb tab_text_color=\u00bb#1857a6&#8243; tab_line_height=\u00bb3em\u00bb global_colors_info=\u00bb{}\u00bb]<\/p>\n<p>Sepelio incluye cremaci\u00f3n.<br \/>Subsidio quir\u00fargico en cirug\u00edas de Alta Complejidad y Trasplantes.<br \/>Universal Assistance. Territorio nacional y pa\u00edses lim\u00edtrofes.<br \/>Llamando al Doctor. Sistema de consulta m\u00e9dica por video llamada.<\/p>\n<p>[\/et_pb_tab][\/et_pb_tabs][\/et_pb_column][\/et_pb_row][et_pb_row disabled_on=\u00bboff|off|on\u00bb _builder_version=\u00bb4.16&#8243; _module_preset=\u00bbdefault\u00bb global_colors_info=\u00bb{}\u00bb][et_pb_column type=\u00bb4_4&#8243; _builder_version=\u00bb4.16&#8243; _module_preset=\u00bbdefault\u00bb global_colors_info=\u00bb{}\u00bb][et_pb_tabs disabled_on=\u00bboff|off|on\u00bb _builder_version=\u00bb4.27.4&#8243; _module_preset=\u00bbdefault\u00bb body_font=\u00bbRoboto||||||||\u00bb body_line_height=\u00bb1em\u00bb tab_line_height=\u00bb1.9em\u00bb width=\u00bb90%\u00bb width_tablet=\u00bb\u00bb width_phone=\u00bb\u00bb width_last_edited=\u00bbon|phone\u00bb module_alignment=\u00bbcenter\u00bb height=\u00bb736px\u00bb custom_margin=\u00bb||||false|true\u00bb custom_padding_tablet=\u00bb\u00bb custom_padding_phone=\u00bb|0px||0px|false|true\u00bb custom_padding_last_edited=\u00bbon|phone\u00bb global_colors_info=\u00bb{}\u00bb][et_pb_tab title=\u00bbPlan Proteger Plus\u00bb _builder_version=\u00bb4.27.4&#8243; _module_preset=\u00bbdefault\u00bb body_line_height=\u00bb1em\u00bb tab_font=\u00bbRoboto|700||on|||||\u00bb tab_text_color=\u00bb#E06100&#8243; tab_line_height=\u00bb3em\u00bb global_colors_info=\u00bb{}\u00bb]<\/p>\n<p>El\u00a0<strong>PLAN PROTEGER PLUS<\/strong>\u00a0ofrece una cobertura m\u00e9dica con beneficios adicionales que complementan la cobertura base para afiliados. Este plan tiene dos modalidades principales:\u00a0<strong>PLAN INDIVIDUAL<\/strong>\u00a0(para un titular) y\u00a0<strong>PLAN FAMILIAR<\/strong>, que incluye un titular m\u00e1s un integrante (esposa o hijo), sin tope en la cantidad de integrantes adicionales.<\/p>\n<p><a href=\"https:\/\/mutualeuro.com.ar\/website\/plan-plus\/\"><strong>Caracter\u00edsticas principales:<\/strong><\/a><\/p>\n<p>[\/et_pb_tab][et_pb_tab title=\u00bbPlan Proteger 100&#8243; _builder_version=\u00bb4.27.4&#8243; _module_preset=\u00bbdefault\u00bb tab_font=\u00bbRoboto|700||on|||||\u00bb tab_text_color=\u00bb#3d3d3d\u00bb tab_line_height=\u00bb3em\u00bb global_colors_info=\u00bb{}\u00bb]<\/p>\n<p>Sepelio incluye cremaci\u00f3n o parcela.<br \/>Consultorios. 2 consultas sin cargo en el a\u00f1o.<br \/>Farmacia. Descuentos del 25% al 33%.<br \/>Odontolog\u00eda. Odontograma sin cargo. 25% desc.(sobre aranceles del C\u00edrculo Odontol\u00f3gico).<br \/>Diagn\u00f3stico por im\u00e1genes (baja, mediana y alta complejidad). Aranceles diferenciales.<br \/>Laboratorio, descuentos en todas las determinaciones.<br \/>Subsidio quir\u00fargico en cirug\u00edas de Alta Complejidad y Trasplantes.<br \/>Llamando al Doctor. Sistema de consulta m\u00e9dica por video llamada.<br \/>\u00d3ptica. 1 par de lentes por a\u00f1o por persona sin cargo (cristales<br \/>comunes y marcos).<br \/>Turismo. Financiaci\u00f3n.<br \/>Universal Assistance &#8211; territorio nacional y pa\u00edses lim\u00edtrofes.<br \/>Seguro del hogar.<\/p>\n<p>[\/et_pb_tab][et_pb_tab title=\u00bbPlan Proteger 200&#8243; _builder_version=\u00bb4.16&#8243; _module_preset=\u00bbdefault\u00bb tab_font=\u00bbRoboto|700||on|||||\u00bb tab_text_color=\u00bb#60ad3d\u00bb tab_line_height=\u00bb3em\u00bb global_colors_info=\u00bb{}\u00bb]<\/p>\n<p>Sepelio incluye cremaci\u00f3n.<br \/>Nicho o parcela.<br \/>Consultorios. 2 consultas al a\u00f1o sin cargo.<br \/>Farmacia. Descuentos del 25% al 33%.<br \/>Odontolog\u00eda. Odontograma sin cargo. 25% desc. (sobre aranceles del C\u00edrculo Odontol\u00f3gico).<br \/>Diagn\u00f3stico por im\u00e1genes. Baja, mediana y alta complejidad. Aranceles diferenciales.<br \/>Laboratorio. Descuento en todas las determinaciones.<br \/>Subsidio quir\u00fargico en cirug\u00edas de Alta Complejidad y Trasplantes.<br \/>Llamando al Doctor. Sistema de consulta m\u00e9dica por video llamada.<br \/>\u00d3ptica. 1 par de lentes por a\u00f1o por persona sin cargo (cristales<br \/>comunes y marcos).<br \/>Turismo. Financiaci\u00f3n.<br \/>Universal Assistance. Territorio nacional y pa\u00edses lim\u00edtrofes.<br \/>Seguro del hogar.<\/p>\n<p>[\/et_pb_tab][et_pb_tab title=\u00bbPlan Proteger 50&#8243; _builder_version=\u00bb4.16&#8243; _module_preset=\u00bbdefault\u00bb tab_font=\u00bbRoboto|700||on|||||\u00bb tab_text_color=\u00bb#1857a6&#8243; tab_line_height=\u00bb3em\u00bb global_colors_info=\u00bb{}\u00bb]<\/p>\n<p>Sepelio incluye cremaci\u00f3n.<br \/>Subsidio quir\u00fargico en cirug\u00edas de Alta Complejidad y Trasplantes.<br \/>Universal Assistance. Territorio nacional y pa\u00edses lim\u00edtrofes.<br \/>Llamando al Doctor. Sistema de consulta m\u00e9dica por video llamada.<\/p>\n<p>[\/et_pb_tab][\/et_pb_tabs][\/et_pb_column][\/et_pb_row][et_pb_row column_structure=\u00bb1_2,1_2&#8243; use_custom_gutter=\u00bbon\u00bb gutter_width=\u00bb1&#8243; make_equal=\u00bbon\u00bb _builder_version=\u00bb4.11.1&#8243; _module_preset=\u00bbdefault\u00bb width=\u00bb100%\u00bb height=\u00bb364px\u00bb height_tablet=\u00bb\u00bb height_phone=\u00bbauto\u00bb height_last_edited=\u00bbon|phone\u00bb custom_margin=\u00bb-4px|0px|-4px|0px|true|false\u00bb custom_margin_tablet=\u00bb\u00bb custom_margin_phone=\u00bb0px||0px||true|false\u00bb custom_margin_last_edited=\u00bbon|phone\u00bb custom_padding=\u00bb0px|0px|0px|0px|false|false\u00bb global_module=\u00bb1090&#8243; global_colors_info=\u00bb{}\u00bb][et_pb_column type=\u00bb1_2&#8243; _builder_version=\u00bb4.16&#8243; _module_preset=\u00bbdefault\u00bb background_image=\u00bbhttps:\/\/mutualeuro.com.ar\/website\/wp-content\/uploads\/2021\/06\/Slide-2-Servicios-Sociales_b.jpg\u00bb custom_padding=\u00bb71px||191px||false|false\u00bb custom_padding_tablet=\u00bb8px||80px||false|false\u00bb custom_padding_phone=\u00bb\u00bb custom_padding_last_edited=\u00bbon|tablet\u00bb global_colors_info=\u00bb{}\u00bb filter_brightness__hover_enabled=\u00bbon|hover\u00bb filter_brightness__hover=\u00bb130%\u00bb filter_saturate__hover_enabled=\u00bbon|hover\u00bb filter_saturate__hover=\u00bb70%\u00bb][et_pb_text _builder_version=\u00bb4.16&#8243; _dynamic_attributes=\u00bblink_option_url\u00bb _module_preset=\u00bbdefault\u00bb text_text_color=\u00bb#FFFFFF\u00bb text_font_size=\u00bb17px\u00bb text_line_height=\u00bb0.1em\u00bb header_font=\u00bb|700||on|||||\u00bb header_text_color=\u00bb#FFFFFF\u00bb header_font_size=\u00bb51px\u00bb header_2_font=\u00bb|300||on|||||\u00bb header_2_text_color=\u00bb#FFFFFF\u00bb header_2_font_size=\u00bb27px\u00bb header_2_line_height=\u00bb0.3em\u00bb custom_margin=\u00bb38px|||34px|false|false\u00bb custom_margin_tablet=\u00bb\u00bb custom_margin_phone=\u00bb\u00bb custom_margin_last_edited=\u00bbon|desktop\u00bb filter_brightness=\u00bb130%\u00bb link_option_url=\u00bb@ET-DC@eyJkeW5hbWljIjp0cnVlLCJjb250ZW50IjoicG9zdF9saW5rX3VybF9wYWdlIiwic2V0dGluZ3MiOnsicG9zdF9pZCI6IjI5NiJ9fQ==@\u00bb text_font_size_tablet=\u00bb14px\u00bb text_font_size_phone=\u00bb\u00bb text_font_size_last_edited=\u00bbon|tablet\u00bb header_font_size_tablet=\u00bb34px\u00bb header_font_size_phone=\u00bb\u00bb header_font_size_last_edited=\u00bbon|tablet\u00bb header_2_font_size_tablet=\u00bb20px\u00bb header_2_font_size_phone=\u00bb\u00bb header_2_font_size_last_edited=\u00bbon|tablet\u00bb global_colors_info=\u00bb{}\u00bb filter_saturate__hover_enabled=\u00bbon|hover\u00bb filter_saturate__hover=\u00bb70%\u00bb]<\/p>\n<h2>Servicios<\/h2>\n<h1>Sociales<\/h1>\n<p>Eficacia y Respuestas<\/p>\n<p>[\/et_pb_text][\/et_pb_column][et_pb_column type=\u00bb1_2&#8243; _builder_version=\u00bb4.16&#8243; _dynamic_attributes=\u00bblink_option_url\u00bb _module_preset=\u00bbdefault\u00bb background_image=\u00bbhttps:\/\/mutualeuro.com.ar\/website\/wp-content\/uploads\/2021\/04\/Slide-4-Noti-Destacados.jpg\u00bb custom_padding=\u00bb71px||191px||false|false\u00bb custom_padding_tablet=\u00bb8px||80px||false|false\u00bb custom_padding_phone=\u00bb\u00bb custom_padding_last_edited=\u00bbon|tablet\u00bb link_option_url=\u00bb@ET-DC@eyJkeW5hbWljIjp0cnVlLCJjb250ZW50IjoicG9zdF9saW5rX3VybF9wYWdlIiwic2V0dGluZ3MiOnsicG9zdF9pZCI6IjM5MiJ9fQ==@\u00bb filter_saturate_last_edited=\u00bboff|desktop\u00bb global_colors_info=\u00bb{}\u00bb filter_saturate__hover_enabled=\u00bbon|hover\u00bb filter_saturate__hover=\u00bb70%\u00bb filter_brightness__hover_enabled=\u00bbon|hover\u00bb filter_brightness__hover=\u00bb130%\u00bb][et_pb_text _builder_version=\u00bb4.16&#8243; _module_preset=\u00bbdefault\u00bb text_text_color=\u00bb#FFFFFF\u00bb text_font_size=\u00bb17px\u00bb text_line_height=\u00bb0.1em\u00bb header_font=\u00bb|700||on|||||\u00bb header_text_color=\u00bb#FFFFFF\u00bb header_font_size=\u00bb51px\u00bb header_2_font=\u00bb|300||on|||||\u00bb header_2_text_color=\u00bb#FFFFFF\u00bb header_2_font_size=\u00bb27px\u00bb header_2_line_height=\u00bb0.3em\u00bb custom_margin=\u00bb38px|||34px|false|false\u00bb custom_margin_tablet=\u00bb\u00bb custom_margin_phone=\u00bb\u00bb custom_margin_last_edited=\u00bbon|desktop\u00bb filter_brightness=\u00bb130%\u00bb text_font_size_tablet=\u00bb14px\u00bb text_font_size_phone=\u00bb\u00bb text_font_size_last_edited=\u00bbon|tablet\u00bb header_font_size_tablet=\u00bb34px\u00bb header_font_size_phone=\u00bb\u00bb header_font_size_last_edited=\u00bbon|tablet\u00bb header_2_font_size_tablet=\u00bb20px\u00bb header_2_font_size_phone=\u00bb\u00bb header_2_font_size_last_edited=\u00bbon|tablet\u00bb global_colors_info=\u00bb{}\u00bb filter_saturate__hover=\u00bb70%\u00bb filter_saturate__hover_enabled=\u00bbon|hover\u00bb]<\/p>\n<h2>Noticias<\/h2>\n<h1>Destacadas<\/h1>\n<p>Inf\u00f3rmese de todas las novedades.<\/p>\n<p>[\/et_pb_text][\/et_pb_column][\/et_pb_row][\/et_pb_section]<\/p>\n","protected":false},"excerpt":{"rendered":"<p>El\u00a0PLAN PROTEGER PLUS\u00a0ofrece una cobertura m\u00e9dica con beneficios adicionales que complementan la cobertura base para afiliados. Este plan tiene dos modalidades principales:\u00a0PLAN INDIVIDUAL\u00a0(para un titular) y\u00a0PLAN FAMILIAR, que incluye un titular m\u00e1s un integrante (esposa o hijo), sin tope en la cantidad de integrantes adicionales. Caracter\u00edsticas principales: &nbsp;Sepelio incluye cremaci\u00f3n.Nicho o parcela.Consultorios. 2 consultas al [&hellip;]<\/p>\n","protected":false},"author":3,"featured_media":0,"parent":0,"menu_order":0,"comment_status":"closed","ping_status":"closed","template":"","meta":{"_et_pb_use_builder":"on","_et_pb_old_content":"","_et_gb_content_width":"","footnotes":""},"class_list":["post-296","page","type-page","status-publish","hentry"],"_links":{"self":[{"href":"https:\/\/mutualeuro.com.ar\/website\/wp-json\/wp\/v2\/pages\/296","targetHints":{"allow":["GET"]}}],"collection":[{"href":"https:\/\/mutualeuro.com.ar\/website\/wp-json\/wp\/v2\/pages"}],"about":[{"href":"https:\/\/mutualeuro.com.ar\/website\/wp-json\/wp\/v2\/types\/page"}],"author":[{"embeddable":true,"href":"https:\/\/mutualeuro.com.ar\/website\/wp-json\/wp\/v2\/users\/3"}],"replies":[{"embeddable":true,"href":"https:\/\/mutualeuro.com.ar\/website\/wp-json\/wp\/v2\/comments?post=296"}],"version-history":[{"count":177,"href":"https:\/\/mutualeuro.com.ar\/website\/wp-json\/wp\/v2\/pages\/296\/revisions"}],"predecessor-version":[{"id":1861,"href":"https:\/\/mutualeuro.com.ar\/website\/wp-json\/wp\/v2\/pages\/296\/revisions\/1861"}],"wp:attachment":[{"href":"https:\/\/mutualeuro.com.ar\/website\/wp-json\/wp\/v2\/media?parent=296"}],"curies":[{"name":"wp","href":"https:\/\/api.w.org\/{rel}","templated":true}]}}